 0, 37 = -2*d + 2*k - 11. Let g = -20 - d. What is the highest common divisor of x and g?
3
Let y = -9 - -11. Suppose -20 = -6*p + y*p. Suppose 3*d = -p*h + 78, -4*h + 43 = -4*d - 45. Calculate the greatest common factor of h and 2.
2
Let d = 3 + 1. Suppose 0 = -10*b + d*b. Suppose b = -5*l - 64 + 814. What is the greatest common factor of l and 60?
30
Suppose f = 126 - 9. Let n(i) = -14*i - 1. Let b be n(-1). Calculate the highest common divisor of b and f.
13
Let v = 12060 + -12041. Suppose -q = 3*q + h - 228, 285 = 5*q + 5*h. What is the greatest common factor of v and q?
19
Suppose 3*k = -63 + 792. Let h = k + -139. What is the greatest common factor of 13 and h?
13
Suppose -4*q - 20 = 5*s - 0*s, -5*s = 5*q + 25. Suppose 0 = 3*l + a - 91, s = -4*l + a + 39 + 80. Calculate the greatest common factor of 90 and l.
30
Let i(t) = t**2 + t + 1. Let w be i(-5). Let a = w + -10. Let m = 40 + -18. Calculate the greatest common divisor of a and m.
11
Suppose 0 = -4*t + 5*f + 65, 52 = 4*t - f - 25. What is the highest common factor of 228 and t?
4
Let m be (-1272)/(-15) + -2 + (-66)/(-30). Suppose 11*n = 16*n - m. What is the greatest common divisor of n and 17?
17
Let b(d) = 11*d**2 + 3*d + 6. Let g be b(-2). Let l = 47 - g. What is the highest common divisor of 9 and l?
3
Let g(t) = t**2 - 5*t + 3. Let n be g(5). Suppose -5*x + n*x + 10 = 0. Suppose x*z + 0*z - 25 = 0. What is the highest common divisor of z and 20?
5
Suppose 4*s = z - 47, 190 = 5*z - 0*s - 5*s. Suppose -f - z + 53 = 0. What is the highest common factor of f and 18?
18
Let j be (-4)/2*(9 + -22). Suppose -13*v + 182 = -12*v. Calculate the highest common factor of v and j.
26
Let b be (-6)/(-9) + (-34)/6. Let c be b*(-5 + 8/2). Suppose c*t - 609 + 189 = 0. Calculate the greatest common divisor of t and 21.
21
Let b(u) = -5*u**2 - 34*u + 44. Let z be b(-7). Calculate the greatest common divisor of 1184 and z.
37
Suppose -20*n = -34*n + 2464. What is the greatest common divisor of 264 and n?
88
Let i be (-1 + 3 - 3) + 4. Let d be 0 + i - 0 - 5. Let g be 3 - (d - (-2 + 8)). What is the greatest common divisor of g and 11?
11
Suppose 3*b + 39 + 499 = -5*q, -4*q - 429 = b. Let w be 4/(-6) - q/3. Let x = w - 10. Calculate the highest common factor of x and 225.
25
Let p(d) = 78*d - 108. Let m be p(15). Calculate the greatest common divisor of m and 18.
18
Suppose -5*x + 38 = 138. Let u = x - -29. Suppose 0 = -3*g + 2*c + 291, -93 = -g + 14*c - 12*c. What is the greatest common divisor of g and u?
9
Let k = 47 + -40. Let t be (-1)/4 - 290/(-40). What is the greatest common factor of k and t?
7
Let h = -59 + 59. Suppose s + 1 = h, -5*o + 16 + 29 = -5*s. What is the highest common factor of 20 and o?
4
Suppose 4 + 128 = 3*m + 4*c, -3*c = 0. Suppose 3*s + 11 = 77. Calculate the highest common divisor of s and m.
22
Suppose 0 = -d - 4*k + 15 - 5, -d = -2*k - 40. Suppose -2*f = 3*f - 50. Calculate the highest common divisor of f and d.
10
Suppose t = -2*t + 69. Let p = 13 + t. Let a(c) = -c**3 - 5*c**2 + 3*c + 6. Let y be a(-6). What is the greatest common divisor of y and p?
12
Let z = 6 + 26. Suppose 0 = 4*d + 3*d - 238. Let h = d - z. Calculate the highest common divisor of h and 22.
2
Suppose 505 + 215 = 4*b. Let c be (108/15)/((-1)/(-10)). What is the greatest common divisor of c and b?
36
Let n be (-3)/((8 - 17)/3537). What is the greatest common factor of 9 and n?
9
Let o = 125 + 64. Let a be 18 + 1 + (-2 - -1). Let j = a + 3. Calculate the greatest common factor of j and o.
21
Let r = -26 + 57. Let p = r - 8. Let i = -276 - -437. Calculate the highest common factor of p and i.
23
Suppose 2*l + 3*w + 1 = 14, 3*l - 3 = w. What is the highest common divisor of l and 2?
2
Suppose 2799*v - 416 = 2797*v. Calculate the highest common factor of 64 and v.
16
Let z(v) = -v - 19. Let x be z(-14). Suppose -4*q = 29 + 19. Let d = x - q. Calculate the greatest common divisor of d and 7.
7
Let t = -9 + 15. Let n be ((-4)/12)/(((-57)/(-486))/(-19)). What is the highest common factor of t and n?
6
Let o = -74 + 110. Calculate the highest common divisor of o and 28.
4
Let p = 1176 - 934. Calculate the highest common divisor of 66 and p.
22
Suppose 0 = 60*p - 57*p - 585. What is the highest common divisor of p and 455?
65
Let z(t) = -t**2 + 7*t + 3. Let i be z(5). Suppose 0 = -5*l + 12 - 272. Let a be (18/12)/((-2)/l). What is the highest common factor of i and a?
13
Let l = -46 - -106. Let b = -13 + 12. Let w be (0 + 80)/(-4)*b. Calculate the greatest common factor of w and l.
20
Suppose 4*a - 2*a = 0. Suppose 0 = -4*p - 3*y - 51, -p + 0*y + 4*y + 11 = a. Let u = p + 12. What is the greatest common factor of u and 21?
3
Let m(f) = 4*f**2 + 5*f - 7. Let g be m(-5). What is the highest common factor of 20 and g?
4
Let h = 100 + -104. Let w = 38 + h. What is the highest common factor of w and 68?
34
Let u = -62 - -146. Suppose -5*z - 9 = -u. Suppose 2*d + d + 80 = 5*o, -3*d + z = 0. What is the highest common factor of o and 133?
19
Suppose -18*l = -759 - 1185. What is the highest common divisor of l and 81?
27
Suppose x + h - 8 = 0, -4*x + 6*x - 11 = -h. Let r be 16/10 + (-14612)/(-1405). Calculate the highest common divisor of x and r.
3
Suppose 0 = 108*h - 86*h - 1496. What is the highest common divisor of h and 459?
17
Suppose 13 = 3*v - 4*a, 3*a = -3 - 0. Let y be 926/6 - 1/v. Calculate the highest common divisor of 14 and y.
14
Suppose -246 + 60 = -3*j + 3*o, 0 = o - 4. Let g = -7 - -13. Calculate the highest common factor of j and g.
6
Suppose -11*t = -589 + 545. Let c be 0/((-2 - -1)*-2). Suppose -2*i + 56 = -c*i. What is the greatest common factor of t and i?
4
Suppose h - 5 = -0. Suppose 3*o = 4*b - o + 40, 0 = h*b + 2*o + 85. Let z be b/(-5) + 2 + 59. Calculate the greatest common factor of 16 and z.
16
Suppose 3 = -6*p + 21. Suppose 0 = b + 4*b + s - 125, -111 = -4*b - p*s. Calculate the highest common divisor of 6 and b.
6
Suppose t + 2*b - 40 = -2*b, 0 = 2*t - 2*b - 50. What is the highest common divisor of 124 and t?
4
Let c = -166 + 221. What is the highest common factor of 275 and c?
55
Let d = 89 + -29. What is the greatest common factor of d and 5?
5
Let o = -1164 + 713. Let j = o + 649. Calculate the highest common divisor of 22 and j.
22
Let k(c) = -3*c - 4. Let p be k(-3). Suppose -2*o + p = 3*a - 3*o, -5*a + 3*o + 11 = 0. Suppose -5*t - a = -91. What is the highest common factor of t and 27?
9
Suppose 3*d - 21 = 456. Let y = -66 + d. What is the greatest common divisor of y and 62?
31
Suppose 0*s - s + 26 = -2*b, -5*b + 33 = s. Let w = s + 14. Suppose -3*u = 15 - w. Calculate the greatest common factor of u and 9.
9
Let s = -21 - -11. Let c(g) = -g - 8. Let n be c(s). Suppose 2*i - 227 = -0*i + f, 5*i - n*f = 566. What is the greatest common divisor of 14 and i?
14
Suppose -5 = -5*b + 105. Calculate the greatest common divisor of 132 and b.
22
Suppose -4*x = -x - 504. Let s = -1109 - -1151. What is the highest common divisor of s and x?
42
Suppose -8*a + 10*a - 110 = 0. Let g = a - 41. What is the greatest common factor of g and 14?
14
Let c(l) = l**3 - 6*l**2 + 8*l. Let b = -2 + 11. Let p be c(b). Suppose m - 6*m = -p. Calculate the highest common divisor of m and 9.
9
Suppose 2*z = 4*z - 5*h + 3, 2*z + 2*h = 4. Let o be -1*(-1 + 2 + z) - -56. What is the highest common divisor of o and 6?
6
Suppose 4*n - 3*v - 27 = 0, -4*n = -v + 7 - 24. Let w(m) = 5*m + 7. Let g be w(n). What is the highest common divisor of 176 and g?
22
Suppose -105 = 219*n - 234*n. What is the greatest common factor of 175 and n?
7
Suppose -131*x + 4428 = -49*x. Calculate the highest common divisor of x and 342.
18
Let i be 4/(-10) - 332/(-5). Suppose 76 = 5*f - 104. Suppose 6 - f = -5*b. Calculate the greatest common divisor of b and i.
6
Let m(p) = 2*p**3 - 3*p**2 + 4. Let w be m(2). Let o = 10 - w. Suppose -180 = -4*z + o*z. What is the highest common factor of z and 18?
18
Suppose 0 = 2*n + 2*n - 3*a - 9, 2*n - a - 5 = 0. Suppose 31 = 2*q + n. Calculate the highest common factor of 14 and q.
14
Suppose -5*o + 26 = -d + 87, -154 = -4*d + 2*o. What is the greatest common divisor of 171 and d?
9
Let i(x) = -x**2 - 11*x - 1. Suppose -8*h - 18 = 62. Let n be i(h). Let w be n*2 - 0/10. Calculate the greatest c